e k + 4*n = 305, 0 = -k + y*k + 4*n - 1280. What are the prime factors of k?
5, 13
Suppose 0 = -4*f - 3*t + 17233, 33*t = 4*f + 32*t - 17221. What are the prime factors of f?
2, 2153
Suppose 60*x + 6126 = w + 62*x, 0 = -5*w - 5*x + 30630. List the prime factors of w.
2, 3, 1021
Suppose 2*n + 72*q - 55486 = 69*q, 2*q = 2*n - 55466. What are the prime factors of n?
27737
Let b = 248 - -69. Let l = -88 + b. List the prime factors of l.
229
Let f = 2453 - -4091. What are the prime factors of f?
2, 409
Suppose 2*h = f - 30025, -5*f + 124798 = -h - 25300. What are the prime factors of f?
11, 2729
Suppose -60696 = -114*p - 113701 + 850207. What are the prime factors of p?
3, 7, 37
Let o be (-5)/(-15) + (-2374)/(-6) + -2. Let d = o - 127. What are the prime factors of d?
3, 89
Suppose 3 = -9*x + 10*x. Suppose o - x*c - 6 - 1 = 0, -o + c = -3. Let r(p) = 103*p + 3. What are the prime factors of r(o)?
2, 53
Let w(i) = 72*i**2 + 104*i - 1206. List the prime factors of w(16).
2, 5, 1889
Let n = 93 + -91. Suppose -426 = -2*d - s + 2457, n*d = -3*s + 2889. Suppose d + 792 = 12*r. List the prime factors of r.
2, 3, 31
Suppose 4*c = -5*y + 30716, 9*c + y - 30732 = 5*c. What are the prime factors of c?
2, 17, 113
List the prime factors of 312/(-32)*(-371 - -7).
3, 7, 13
Let q(r) = 10*r**2 + 232*r + 74. Let o be q(-23). Let a be 36*(1 + (-6)/(-4)). Let d = a - o. What are the prime factors of d?
2, 31
Let q(k) = 6*k - 148. Let o be q(25). Suppose -3*c = -f - 506 + 1284, -o*f + 1571 = -c. List the prime factors of f.
787
Let k(l) = 20*l**3 - 2*l**2 - l - 3. Let g be (1/(-2))/(1/(-6)). Let f be k(g). Suppose 10*w - f - 4 = 0. List the prime factors of w.
2, 13
Let a(h) = 156*h + 2228. What are the prime factors of a(-14)?
2, 11
Let a(z) = -4*z - 33. Suppose 3*s + 14 = -16. What are the prime factors of a(s)?
7
What are the prime factors of (13*-281)/(-1) - 0/(-19)?
13, 281
Let x be (1544/(-10))/((-14)/35). Let v = -127 + x. Suppose v = 3*r - 2*p - 2*p, -4*r = -4*p - 340. What are the prime factors of r?
3
Suppose -2*s - 66*q + 65*q = 353, 0 = -5*q - 25. Let v = 117 + 145. Let w = v + s. List the prime factors of w.
2, 11
Suppose m = 5*v - 17, -3*v + 5*m - 23 = -5*v. Let c be (((-8)/6)/v)/(1/(-6)). Suppose k + c*k = 114. What are the prime factors of k?
2, 19
Suppose -3*g - 4*l + 3 = 0, 14 = -3*g + 5*l + 44. Let z = 2 - -1. Suppose 0 = -z*m - 3*i + 42, m + 7 = -m + g*i. List the prime factors of m.
3
Suppose -38*a + 127961 = -60367. Let n = a + -3032. What are the prime factors of n?
2, 13, 37
Let u = -286 - -290. Let j be ((-3)/(-1) - -70)*(2 + 0). Suppose 2*y - j = -5*t, u*t = 2*y - 0*y - 164. List the prime factors of y.
2, 3, 13
Suppose -2*d + 1303 = 3*q, 0*d = -4*d + 2*q + 2598. Suppose -3*k + 903 + 72 = -3*u, -d = -2*k + 4*u. What are the prime factors of k?
5, 13
Let i = 25082 + -3907. What are the prime factors of i?
5, 7, 11
Let s = 3311 + -1554. Let y = -950 + s. List the prime factors of y.
3, 269
Let a(d) = 340*d**2 + 384*d - 60. List the prime factors of a(-11).
2, 17, 271
Let z = 67 + -58. Suppose 3*o - 60 = -s, -z*o - 4*s = -4*o - 100. Let u = o + -17. List the prime factors of u.
3
List the prime factors of (-192)/(-10)*59340/207.
2, 43
Let u be (-142)/(-8) - 2/(-8). Suppose 5*v + 87 = 4*n - u, -2*n = 0. What are the prime factors of 6/v + 1392/21?
2, 3, 11
Let i(c) = 9*c**2 + 22*c - 1554. What are the prime factors of i(46)?
2, 11, 29
List the prime factors of ((-197551)/36 + 26/(-117))*(-8)/2.
3, 271
Suppose 6*o - 3*o = 3*u + 21, 3*o = 0. Let z(c) = c**2 + 10*c. Let x be z(u). Let w = 69 - x. List the prime factors of w.
2, 3, 5
Let g(i) = -i**2 + 137*i - 1512. Let v be g(12). Let c = 247 - -107. What are the prime factors of (v/18)/((-4)/c)?
59
Suppose m - 9*j + 8*j + 5 = 0, 5*j - 25 = m. Suppose -120 = -m*k - 3*k. Let c = 164 - k. What are the prime factors of c?
2, 31
Let r(p) = p + 7*p - 17*p + 6*p**2 - 36. What are the prime factors of r(15)?
3, 131
Let d = -138 + 243. Let j = 244 - d. List the prime factors of j.
139
Suppose 4*j = -5*g + 2347 - 362, 5 = 5*g. What are the prime factors of (-944)/(-6)*(j/20)/3?
2, 11, 59
Let n = 92 - 202. What are the prime factors of n/4*(-12)/15?
2, 11
Let a(x) = 4164*x**2 - 223*x + 4. What are the prime factors of a(-2)?
2, 3, 2851
Suppose 614 = 8*o - 58. Let z = 630 - o. What are the prime factors of z?
2, 3, 7, 13
List the prime factors of (7 - -1 - 4) + 608240/16.
3, 19, 23, 29
Let o = 15 + -20. Let m be -19 - (2 + (-4 - o)). Let v = 0 - m. List the prime factors of v.
2, 11
Let i be 64/12 + (-2)/6. Let k be (0/(-2))/(-3 + (6 - i)). Suppose k = 3*r - 142 - 245. List the prime factors of r.
3, 43
Suppose 4*u - 159311 = -4*w - 37583, 121672 = 4*u - 4*w. List the prime factors of u.
5, 1217
Suppose -55*m = 21*m - 909492. What are the prime factors of m?
3, 3989
Suppose 0 = -64*v + 637819 + 624837. What are the prime factors of v?
109, 181
Suppose 6 = 2*q + 24. List the prime factors of (0 + 2952/(-27))*q/4.
2, 3, 41
Let r = -95 - -412. Suppose -322*h + 2640 = -r*h. List the prime factors of h.
2, 3, 11
Let f be 7342/(-20) + (-25)/(-250). List the prime factors of (-2 + 0 + f)*(-4)/6.
2, 3, 41
Suppose 15712*r = 15696*r + 769184. What are the prime factors of r?
2, 13, 43
Let l = -8 - -12. Let f = -714 - -790. Suppose l*x + 0*x = f. List the prime factors of x.
19
Suppose 11*t - 397033 - 265517 = -19*t. What are the prime factors of t?
5, 7, 631
List the prime factors of 6/(-45) - (-2251304)/330.
2, 3, 379
Let o(f) = 3*f - 30. Let h = -9 - -6. Let d(n) = 8*n - 90. Let w(j) = h*d(j) + 10*o(j). List the prime factors of w(12).
2, 3, 7
Let u(z) = 23 - 5*z**3 - 14 + 16*z**3 + 0*z - z - 6*z**2 - 17. What are the prime factors of u(5)?
2, 3, 101
Let o(d) = 37*d**2 - 146*d - 93. List the prime factors of o(19).
2, 5, 1049
Let y(k) = 3*k**2 + 152*k - 2695. List the prime factors of y(86).
3, 5, 13, 167
Suppose 423 + 258 = 3*f + 2*b, 5*f - 5*b = 1135. Let t(o) = -26*o + 978. Let x be t(42). Let d = f + x. What are the prime factors of d?
113
Let g(m) = 12*m**3 + 10*m**2 - 6*m + 2. Let r be g(3). Suppose 2479 + r = 7*y. List the prime factors of y.
3, 137
Let j(b) = 6*b**3 - 4*b**2 + 2*b - 30. Let m be j(8). Suppose m + 1248 = 18*r. List the prime factors of r.
3, 5
Suppose -18*c + 15*c = 9. Let y(h) = -h + 20. Let r be y(c). List the prime factors of (r - 253)/(-1 - 0 - 0).
2, 5, 23
Let d = 1220 - -764. Suppose -x + 6*x = 3*f + 1981, 0 = -5*x + 2*f + d. What are the prime factors of x?
2, 199
Let j(w) be the third derivative of -w**5/60 - 35*w**4/24 - 35*w**3/6 - w**2 + 28. What are the prime factors of j(-25)?
5, 43
Suppose 126514 = 26*g + 43548. List the prime factors of g.
3191
Let p(j) = -j**3 + 13*j**2 - 42*j + 442. What are the prime factors of p(9)?
2, 97
Suppose 0 = 13*i - 26454 + 4029. List the prime factors of i.
3, 5, 23
Let x = 72 - 3. Let u = x - 67. List the prime factors of -2 - 2/2 - (-48 - u).
47
Let y(j) = -167*j + 3056. What are the prime factors of y(-30)?
2, 37, 109
Let d = 1122 + -1666. Let a = 33 + d. Let p = -348 - a. What are the prime factors of p?
163
Suppose -89*r + 72302 + 11447 = 0. What are the prime factors of r?
941
Let n be (-1 + 0/(-5))*-49. Suppose -31 = 5*w + n. What are the prime factors of (-48)/w - ((-104)/1 - -2)?
3, 5, 7
Let c be ((-2)/(-2)*-2)/(2/(-2)). Suppose -c*b - 866 = 198. Let s = b + 808. List the prime factors of s.
2, 3, 23
What are the prime factors of (1815/(-484))/((-1)/8644)?
3, 5, 2161
Let u(x) = x**2 + 5*x + 11. Let p be u(-4). Suppose 0 = -5*a - 4*v - 40, -p = a - v + 10. Let t = a + 26. What are the prime factors of t?
2, 7
Let y(l) = 6*l**2 - 21*l + 3. Let g be y(-9). Let b = g - 450. What are the prime factors of b?
2, 3, 19
Let o(l) = 32*l**2 + 2*l - 2. Let u be o(-3). Let g = u + -198. Suppose 8*x - g = 430. What are the prime factors of x?
2
Let g be 0/(-2)*(-1)/2. Suppose d + a = -0*a + 120, 5*d - a - 618 = g. Suppose -d = -o - 4*q, -5*o + q + 779 = 206. What are the prime factors of o?
5, 23
Let t(g) = -5848*g - 1548. What are the prime factors of t(-6)?
2, 3, 5, 13, 43
Let l(q) = -46*q**3 + q - 16. Let w(p) = -9*p**3 - 3. Let j(f) = 2*l(f) - 11*w(f). Suppose d = h - 2, 3*h + d - 19 = -13. What are the prime factors of j(h)?
61
Let a(i) = -6*i - 